 + 14*y - 3. What is n(-14)?
-3
Let m(u) = u + 35. Give m(-17).
18
Let o(r) = 2*r**3 - 11*r**2 - 6*r + 6. Give o(6).
6
Let a(x) = x**3 + 6*x**2 + 4*x + 10. Determine a(-6).
-14
Let t(h) = -41*h**2 - 1. What is t(-1)?
-42
Let r(j) = j**3 + 12*j**2 - 2*j - 49. Calculate r(-12).
-25
Let k(a) = 22*a + 1. What is k(1)?
23
Let k(q) = 7*q**3 - 10*q**2 + 6*q + 2. Determine k(2).
30
Let i(n) = n**2 - 5*n - 5. Determine i(7).
9
Let p(d) = -d**2 + 17*d - 5. Determine p(16).
11
Let m(p) = p - 41. Calculate m(-14).
-55
Let u(j) = -489*j - 1959. Calculate u(-4).
-3
Let x(l) = l**3 + 12*l**2 - 13*l + 5. Determine x(-13).
5
Let g(s) = s - 8. Calculate g(9).
1
Let m(a) = a**2 - 9*a - 3. What is m(11)?
19
Let u(n) = 27*n - 184. Give u(7).
5
Let l(u) = u - 1. What is l(-14)?
-15
Let z(k) = -k**3 - 3*k**2 + 9*k. Give z(-6).
54
Let w(t) = 2*t**2 + 15*t + 31. What is w(-8)?
39
Let o(j) = 13*j - 66. Calculate o(5).
-1
Let d(o) = -o**2 - 6*o + 5. Calculate d(-7).
-2
Let q(g) = -g**3 - 16*g**2 + 35*g + 14. Calculate q(-18).
32
Let w(u) = -7*u**3 - u**2 + u - 1. Determine w(1).
-8
Let h(n) = 2*n**2 + 53*n - 24. Give h(-27).
3
Let y(j) = -j**3 - 13*j**2 + 15*j - 11. What is y(-14)?
-25
Let s(n) = n**2 - 16*n + 7. What is s(12)?
-41
Let k(y) = y**3 + 4*y**2 - 6*y + 1. Calculate k(-6).
-35
Let m(u) = -u**2 + 12*u + 12. Give m(12).
12
Let d(c) = c - 10. What is d(7)?
-3
Let d(f) = 2*f**2 - 2*f - 4. Give d(-2).
8
Let w(d) = 3*d - 19. What is w(13)?
20
Let y(j) = j**3 - 3*j**2 - 13*j + 41. Calculate y(5).
26
Let v(y) = -y**2 + 6*y - 7. Give v(5).
-2
Let q(a) = -a**3 + 6*a**2 + 4*a - 5. Give q(3).
34
Let l(g) = -17*g**2 + 69*g + 9. What is l(4)?
13
Let x(p) = p**3 - 20*p**2 - p. Give x(20).
-20
Let p(m) = -2*m**2 - 48*m + 2. What is p(-24)?
2
Let v(t) = -t**3 - 7*t**2 + 7*t + 6. Calculate v(-7).
-43
Let q(c) = -c**3 - 28*c**2 - 27*c - 5. Determine q(-27).
-5
Let t(q) = q**3 - 23*q**2 + 24*q - 38. Determine t(22).
6
Let p(c) = c**3 + 3*c**2 + 4*c + 3. Calculate p(-3).
-9
Let f(b) = b**2 + 24*b - 8. Give f(-24).
-8
Let l(z) = -z**2 + 13*z - 14. Give l(12).
-2
Let c(g) = 4*g**3 - g**2 - 2*g - 1. Give c(-1).
-4
Let i(d) = 10*d + 9. Determine i(-4).
-31
Let h(y) = 2*y**2 + 10*y - 8. Determine h(-7).
20
Let b(c) = -6*c + 17. Calculate b(8).
-31
Let o(k) = -k**3 - 11*k**2 + 13*k + 3. Give o(-12).
-9
Let c(k) = -9*k - 7. Determine c(-4).
29
Let d(f) = -6*f + 3. What is d(3)?
-15
Let s(g) = -8*g**2 + 6*g + 5. Determine s(-1).
-9
Let i(j) = j**2 - 7*j + 1. Calculate i(5).
-9
Let x(k) = k - 4. Calculate x(-10).
-14
Let s(k) = 4*k - 32. Calculate s(9).
4
Let c(d) = -4*d**3 + 2*d**2 + 1. Give c(-2).
41
Let q(i) = -3*i + 13. Calculate q(5).
-2
Let f(a) = a**2 + 13*a - 191. What is f(-22)?
7
Let i(j) = -8*j + 14. Calculate i(16).
-114
Let u(b) = -b**3 + 12*b**2 + 18*b - 20. Determine u(12).
196
Let r(d) = d**3 - 5*d**2 + 6*d - 14. Give r(5).
16
Let w(n) = -n**3 + n**2 + 34. What is w(5)?
-66
Let p(q) = q**3 - 3*q**2 - q + 4. What is p(2)?
-2
Let t(v) = -4*v - 15. Give t(-4).
1
Let z(s) = s**2 - s - 2. Calculate z(6).
28
Let r(z) = 155*z - 2. What is r(1)?
153
Let n(q) = q**3 + 7*q**2 - 12*q + 4. Determine n(-9).
-50
Let g(p) = -7*p. Give g(1).
-7
Let l(c) = 3*c**2 + 2*c. Determine l(-3).
21
Let d(m) = 2*m**2 - 18. Calculate d(-6).
54
Let t(h) = 5*h + 61. Calculate t(-13).
-4
Let r(d) = -d**2 - 2. Determine r(2).
-6
Let y(z) = z + 16. Calculate y(-3).
13
Let o(z) = 2*z**2 - 2*z + 2. Calculate o(-2).
14
Let d(p) = -18*p + 9. Calculate d(-3).
63
Let u(c) = c**3 + 29*c**2 - c - 21. Determine u(-29).
8
Let z(q) = -2*q**3 + q - 2. What is z(2)?
-16
Let n(w) = 4*w - 29. Determine n(3).
-17
Let u(w) = -9*w + 9. Give u(8).
-63
Let c(u) = 11*u + 12. Determine c(-5).
-43
Let k(j) = -j**3 + 9*j**2 - 20*j - 15. Give k(7).
-57
Let u(r) = 16*r - 292. What is u(18)?
-4
Let q(n) = -2*n**2 - 11*n - 1. Determine q(-6).
-7
Let t(d) = d**3 + 2*d**2 - d + 1. Give t(-3).
-5
Let i(n) = -3*n - 27. What is i(-10)?
3
Let r(y) = -6*y**2 - 4*y - 2. Determine r(-3).
-44
Let l(o) = -o**3 + o**2 - o + 1. Determine l(2).
-5
Let h(l) = 2*l**3 + 19*l**2 - 17*l - 65. Calculate h(-10).
5
Let w(j) = 4*j**3 - 2*j**2 + j + 4. Give w(-3).
-125
Let r(y) = 22*y**2 + 4*y + 6. Give r(-2).
86
Let p(q) = q**3 - 10*q**2 + 5*q + 24. Calculate p(9).
-12
Let j(v) = -v**3 - 3*v**2 - 3*v - 3. Calculate j(-2).
-1
Let v(n) = n - 9. Determine v(6).
-3
Let h(u) = 2*u**2 + 27*u - 18. Determine h(-14).
-4
Let b(t) = -4*t**2 - t - 2. Calculate b(-2).
-16
Let u(i) = 5*i - 19. What is u(-5)?
-44
Let i(h) = 64*h - 373. Give i(6).
11
Let r(g) = 6*g - 37. Determine r(6).
-1
Let z(c) = -9*c. What is z(-9)?
81
Let q(v) = 2*v**3 - 5*v**2 + 3*v - 3. Determine q(3).
15
Let l(k) = k**3 + 13*k**2 - 13*k + 22. Calculate l(-14).
8
Let x(i) = -7*i - 127. Give x(-18).
-1
Let x(l) = -l**3 + 12*l**2 + 10*l + 2. Determine x(13).
-37
Let v(t) = 3*t**3 - 2*t. Give v(-2).
-20
Let r(b) = -b**2 + 13*b - 19. Determine r(8).
21
Let f(m) = m**3 + 4*m**2 + 2*m + 4. What is f(-3)?
7
Let q(j) = 10*j - 9. Give q(5).
41
Let d(l) = -3*l**2 + 5*l + 1. Calculate d(4).
-27
Let q(c) = -c**2 + 14*c + 3. Give q(13).
16
Let p(i) = -2*i - 2. Calculate p(3).
-8
Let w(d) = 11*d**2 + 8*d + 9. Determine w(-1).
12
Let u(a) = -2*a**3 - 3*a**2 + 30*a + 32. Give u(-1).
1
Let y(h) = h**3 - 9*h**2 - 3*h + 11. What is y(9)?
-16
Let u(b) = -2*b + 3. Determine u(12).
-21
Let y(l) = -l**3 + 19*l**2 - 11*l + 3. What is y(18)?
129
Let b(k) = 9*k + 5. Give b(-1).
-4
Let r(x) = 4*x**2 - 2*x - 1. What is r(2)?
11
Let z(m) = -12*m**2 - m + 7. Give z(3).
-104
Let d(z) = 3*z + 11. Calculate d(-6).
-7
Let q(f) = 26*f - 11. What is q(2)?
41
Let a(r) = -r**2 - 4. Calculate a(3).
-13
Let z(s) = s + 28. Give z(-9).
19
Let h(k) = 13*k + 39. Give h(-6).
-39
Let v(f) = f**3 - 4*f**2 - 59*f - 8. Give v(10).
2
Let m(k) = -6*k - 61. What is m(-10)?
-1
Let i(z) = -z + 1. Calculate i(10).
-9
Let y(z) = -6*z - 17. What is y(12)?
-89
Let r(n) = -n**2 - 13*n - 10. Give r(-9).
26
Let h(j) = -31*j**2 - 4*j - 2. Give h(-2).
-118
Let f(o) = 11*o**3 - 5*o**2 - 5*o - 1. What is f(-2)?
-99
Let u(m) = -5*m**3 + 7*m**2 + 6*m - 3. Calculate u(-2).
53
Let p(c) = -c + 8. Give p(-6).
14
Let a(m) = 3*m - 3. Calculate a(2).
3
Let t(i) = -5*i - 44. Determine t(-10).
6
Let h(y) = -y**3 + 7*y**2 - 10*y + 9. What is h(6)?
-15
Let y(w) = w**2 + 6*w + 1. What is y(-2)?
-7
Let h(o) = -o**3 + o**2 + 1. Calculate h(2).
-3
Let b(j) = j**3 - 5*j**2 + 7*j - 6. Determine b(3).
-3
Let x(i) = i + 20. What is x(9)?
29
Let y(s) = -7*s**2 - 144*s + 57. Calculate y(-21).
-6
Let o(b) = -3*b - 3. Determine o(6).
-21
Let k(x) = -x**2 + 24*x + 6. Calculate k(22).
50
Let s(k) = k**2 - 4*k - 2. Give s(5).
3
Let g(v) = v**3 + 22*v**2 + 19*v - 36. Determine g(-21).
6
Let l(a) = -a**3 + 8*a**2 + 8*a + 10. Determine l(9).
1
Let o(j) = 5*j - 30. What is o(7)?
5
Let o(i) = i**2 - 16*i + 36. What is o(6)?
-24
Let j(p) = p**3 - p**2 + 3*p - 8. Determine j(4).
52
Let z(x) = x**3 + 4*x**2 - 4*x - 15. Give z(-4).
1
Let o(v) = 3*v + 3. Determine o(-2).
-3
Let v(r) = -86*r - 950. Give v(-11).
-4
Let j(v) = 2*v**2 + 5*v - 7. What is j(-5)?
18
Let a(k) = -k**3 - 4*k**2 - 2*k + 3. Give a(-3).
0
Let u(h) = -8*h + 20. Give u(4).
-12
Let u(p) = -p**3 - p**2 - 77. Determine u(0).
-77
Let j(v) = v**3 - 21*v**2 + 4*v - 74. Calculate j(21).
10
Let a(k) = 5*k - 6. Give a(8).
34
Let u(v) = -v**3 + 26*v**2 + 56*v + 6. Determine u(28).
6
Let y(m) = 2*m**2 - 77. Determine y(0).
-77
Let q(s) = 11*s - 1. Calculate q(3).
32
Let x(f) = -2*f + 2. Determine x(5).
-8
Let s(f) = -11*f + 96. Give s(9).
-3
Let a(b) = 38*b - 29. Give a(1).
9
Let q(b) = b**3 + 4*b**2 + 2*b + 4. Calculate q(-3).
7
Let i(a) = a**2 - 4*a - 5. Give i(6).
7
Let m(z) = z - 3. Calculate m(-4).
-7
Let f(v) = -19*v - 69. What is f(-3)?
-12
Let i(p) = p + 12. Determine i(-19).
-7
Let v(w) = -2*w**3 - 6*w**2 + 7*w - 1. What is v(3)?
-88
Let p(w) = w**2 + 4*w - 13. Calculate p(-6).
-1
Let p(z) = z - 1. What is p(19)?
18
Let v(d) = -3*d**2 + 5*d + 12. Determine v(5).
-38
Let p(s) = 3*s**2 + 97*s + 208. What is p(-30)?
-2
Let q(w) = -16*w**3 + 113*w**2 - 11*w + 22. Determine q(7).
-6
Let i(a) = -2*a + 4. What is i(-5)?
14
Let a(p) = p**3 - 21*p**2 + 16*p + 85. What is a(20)?
5
Let k(x) = x**2 - x - 8. Give k(-12).
148
Let c(s) = s